 5 + 20, -2*p = 3*q - 39. What is the units digit of q?
1
Let d be (-2 + 1)/((-3)/12). Suppose 4*n = n + 2*v + 4, d*n = -3*v + 28. What is the units digit of n?
4
Suppose 8 = g - 12. Let k(h) = -h**3 + 7*h**2 + 6. Let u be k(7). What is the units digit of ((-30)/(-25))/(u/g)?
4
Let k(t) = -t + 12. Let a be k(6). Suppose -4 = -4*i - 2*o, a*i - 5 = i + o. Let x = i + 0. What is the units digit of x?
1
Suppose c = l - 5*l - 26, -2*l = 10. What is the units digit of 3/(c/2)*-17?
7
Suppose -y - 4*y - 621 = -4*p, 5*p - 768 = -2*y. What is the hundreds digit of p?
1
Let u(j) = -4*j**2 + j - 1. Suppose -12 = -4*q + 4, 0 = 5*c + 2*q - 13. Let g be u(c). What is the units digit of (-4 - 0)/(g/6)?
6
Let z be 6/(1 - 14/12). Let j = z + 56. Suppose 0 = 5*m - 3*g - 2*g - 25, 0 = -3*m + 2*g + j. What is the units digit of m?
0
Let r(z) = -z**3 + z**2 + z + 8. Let x(p) = -p**2 - 4*p + 2. Let j be x(-4). Suppose 0 = -j*a + 3*a. What is the units digit of r(a)?
8
Let h(a) = 2*a**2 + 11*a + 1 - 4 - 3*a**2. Let d be h(7). Suppose -4*x + 20 = 0, -p - 8*x + 4*x + d = 0. What is the units digit of p?
5
Let a(j) = 13*j - 2. Let p be a(4). Suppose 4*z + 2 = p. What is the tens digit of z?
1
Suppose -84 = -2*m + 348. What is the units digit of m?
6
Let c = -13 - -20. Suppose -c*f + 10*f = 105. What is the tens digit of f?
3
Suppose 6*k - 2*k - 4*h = 148, 3*h = 5*k - 191. What is the units digit of k?
0
Let s(b) = -b**2 - b - 58. Let r be s(0). Let j = r + 82. What is the tens digit of j?
2
Let v(t) = t + 14. Let r be (-70)/6 + (-2)/(-3). What is the units digit of v(r)?
3
Let n = 154 - -219. What is the hundreds digit of n?
3
Suppose u + 130 = 2*u - 5*h, h = 5*u - 650. What is the tens digit of u?
3
Let h(p) = 5*p**2 - 2*p**2 - 2*p**2 + p + 5*p. What is the units digit of h(-7)?
7
Let x = 3 - -4. Let y = 16 - x. What is the units digit of y?
9
Let x = -7 + 9. Let j = 19 + x. Suppose -j = -2*d + 13. What is the units digit of d?
7
Let y be ((-5)/(10/4))/2. Let v = 2 - y. Suppose 5*w + 4*r = 29, -2*w + 5*r = -v - 2. What is the units digit of w?
5
Suppose 6*d - 2*s - 366 = 2*d, 0 = -3*d + 4*s + 282. What is the units digit of d?
0
Let c = 4 - -2. Suppose 2*w = 28 + c. What is the units digit of w?
7
Let h = -56 + 32. Let x = h - -36. What is the units digit of x?
2
Let d(p) = -3*p**3 + p**2 - 3*p - 2. What is the tens digit of d(-2)?
3
Suppose 4*j - 4*h = -12, 2 + 10 = -j + 4*h. Suppose j = -c + 2*c - 10. What is the tens digit of c?
1
Let o(p) = -p**2 + 13*p + 5. What is the units digit of o(8)?
5
Suppose 9*s = 5*s + 88. What is the units digit of s?
2
Let w(g) = g**2 - 2*g + 12. Suppose 1 - 16 = -3*o. What is the units digit of w(o)?
7
What is the tens digit of 4 + 33 + 2 + -3?
3
Suppose 0 = s + 15 + 13. Let f = s - -76. What is the units digit of f?
8
Let v = 4 - 16. Let q = v - -26. What is the units digit of q?
4
Let h(z) = -3 - z + 3 + 1. What is the units digit of h(-1)?
2
Let o(l) be the third derivative of -l**6/120 + l**5/10 + 4*l**3/3 - 2*l**2. What is the units digit of o(6)?
8
Suppose -x + 5 = -0*x. Suppose 3*i - 1 = -x*g + 3, -5*i - 16 = -3*g. What is the tens digit of -34*i*2/8?
1
Suppose 0 = 3*t - 2*p - 143, -3*t + 3*p - 4*p + 158 = 0. What is the tens digit of t?
5
Let l(b) = b**3 + 14*b**2 - 20*b + 20. What is the tens digit of l(-15)?
9
Let z(d) = d**3 + 12*d**2 - 4*d - 19. What is the tens digit of z(-10)?
2
Suppose -4*q + 2*q + 3*a + 275 = 0, -3*a = 9. What is the hundreds digit of q?
1
Let v(q) = q**3 - 2*q**2 - 3*q - 1. Let u be v(3). What is the units digit of (-2 + 2)/u + 59?
9
Suppose -3*z = -5*f + 2 - 14, 0 = -f. Let l = -3 + z. What is the units digit of l*4*(-2)/(-4)?
2
Let m(o) = -o**2 - 15*o + 20. What is the tens digit of m(-15)?
2
Let u be 291/(-27) + 6/(-27). Let z = 18 + u. What is the units digit of z?
7
Suppose 5*f = f + 16. Let t = f + -2. What is the units digit of t?
2
Suppose -3*k = -31 - 113. Let x = k - 32. What is the tens digit of x?
1
Let r(y) = -y**3 + 9*y**2 - 3*y + 12. What is the units digit of r(6)?
2
Let v(j) = j**2 + 2*j + 2. Let i be (-2)/4 - 55/10. Let z be v(i). Suppose -2*u - z = -4*y, u + 0*u = 3*y - 20. What is the units digit of y?
7
Suppose 4*o = -2*b + 1 + 45, -4*b + 11 = -o. Let d be ((-9)/(-6))/(9/4)*3. Let h = d + o. What is the units digit of h?
1
Let n(k) = -k + 7. Let i be n(3). Let v = -6 + i. What is the units digit of ((-3)/9)/(v/18)?
3
Suppose -39 = 4*r + 37. Let u = -12 - r. What is the units digit of u?
7
Let j = 0 - -2. Suppose -72 = -5*w + 2*w + 4*r, -w + 24 = -j*r. What is the tens digit of w?
2
Let b(p) = p**3 - 7*p**3 + 5*p**3 + 2*p - 10*p**2 + 12. Let d be b(-10). Let u(r) = r + 14. What is the units digit of u(d)?
6
Suppose 5*w = -0*w + 20. Suppose 1 = w*r + 5. What is the units digit of r/2 - 11/(-2)?
5
Suppose -4*u - 6 = -7*u. Suppose -n + u = -15. What is the tens digit of n?
1
Suppose 0 = -3*n + 6 + 12. Suppose -j - j - n = 0. What is the tens digit of 12/8*(-34)/j?
1
Let b be 0 + (1 - (2 - -1)). Let v = b - -6. Suppose -3*a + 10 = -l - 0, v*a - 30 = -2*l. What is the units digit of a?
5
Let v = 103 - -192. What is the tens digit of v?
9
Suppose 4*f - 72 = -0*f + 4*v, -5*v = -2*f + 45. What is the tens digit of f?
1
Let r(d) = d**2 + 4*d - 3. Suppose -5*m - 12 = 2*j, -3*j + m - 5 = -21. Suppose -6 - j = 2*n. What is the units digit of r(n)?
2
Let n = -15 + 36. Suppose 0 = -2*d + 4*d - 6. Suppose d*v = 5*k + 21, 2*v + v - 4*k = n. What is the units digit of v?
7
Let k(m) = 2*m - 5. Let j be k(5). Suppose -12 = -j*f + 4*f. What is the units digit of f?
2
Let z(m) = -m**3 + 2*m**2 + 5*m - 2. Let r = 2 + 1. Let j be z(r). Let y = j - -2. What is the units digit of y?
6
Suppose -1 = -2*d + 3. Let o(g) = g**d + 5*g + 3 + 0*g**2 - 2*g. What is the units digit of o(-3)?
3
Let j = -23 - -26. What is the units digit of j?
3
Suppose -2*y + 2 = -6. Suppose -2*u + 7*u - 6 = 2*f, y*f - 8 = 5*u. What is the units digit of f?
7
Let y be (0 + 1)*46/2. Let x be (-2 + 3)*y*1. Suppose -4*h - t + 12 = 3*t, 3*t + x = 5*h. What is the units digit of h?
4
Let x(u) = u**2 - 12*u + 13. Let i be x(9). Let q be (i/4)/(1/(-2)). Suppose f - q = -r, -r - 8 = -2*f + 3*r. What is the units digit of f?
6
Let x(l) = -2*l**3 + l**2 - 1 + 0*l**2 - 2*l**3. Let a be x(-1). What is the units digit of (1 - 21)*a/(-10)?
8
Let b(g) be the third derivative of -7*g**4/24 - g**2. What is the units digit of b(-1)?
7
Suppose -24 = 2*o + 60. Let u = -30 - o. What is the units digit of u?
2
Suppose -5*p - 2*c = -p - 6, c = 5*p - 4. Suppose -p = -n + 4. What is the units digit of n?
5
Suppose 84 = 5*l + 4*r, 0*l - 4*r = -2*l + 56. Let s = l + -15. What is the units digit of s?
5
Suppose 0 = -v + 4*z - 3*z + 20, v = 3*z + 22. Let p = v + -3. What is the units digit of p?
6
Let l(s) = s**2 + 7*s - 47. What is the hundreds digit of l(10)?
1
Let m(r) = -5*r**3 - 6*r**2 + 4. What is the tens digit of m(-3)?
8
Suppose 0 = -4*l + 8*l - 44. What is the tens digit of l?
1
Suppose 6*u + 92 = 8*u. What is the units digit of u?
6
Let p = -2 + 5. Suppose 14 = p*t + 5*v - 19, -3*v + 22 = 2*t. What is the tens digit of t?
1
Suppose -3*o - 14 = k - 2, 5*o + 3*k = -24. Suppose 0 = 2*t - 5*h - 26, -4*h = 5*t - 0*t + 1. Let c = t - o. What is the units digit of c?
6
Suppose g - 2*g - 475 = -2*q, 2*g + 239 = q. What is the hundreds digit of q?
2
Let n be 2 + 1/(3/129). Let z = n - -3. What is the tens digit of z?
4
Let n(o) be the second derivative of o**5/20 - o**4/12 + o**3/3 - o**2/2 - 10*o. What is the units digit of n(2)?
7
Let c be 1/(2 + 22/(-12)). Let i be 10/c - (-8)/(-12). Let q = i + 1. What is the units digit of q?
2
Suppose -3*z + 19 + 75 = -4*r, -5*r + 32 = 2*z. Let h = z - 9. What is the tens digit of h?
1
Let f(d) = d + 6. Let z be f(-5). Let j(r) = r**2 + 5*r - 1. Let p be j(-5). What is the units digit of z - p - (-6)/3?
4
Let d(u) = u**3 + 9*u**2 - 11*u + 4. Let j be d(-10). Let a = j + -3. What is the units digit of a?
1
Let b(j) = -j**2 + 7*j - 7. Let x be b(5). Suppose -31 - 4 = -z - x*i, z - 17 = 3*i. Let r = z + -8. What is the tens digit of r?
1
Let t(p) = p**2 + 4*p - 7. Let j = -13 + 6. What is the units digit of t(j)?
4
Suppose 12 = j + 3*j. Suppose -f - j*f - 2*m = -96, -m - 120 = -5*f. What is the tens digit of f?
2
Let q(